{"id":1964,"date":"2017-06-30T09:55:04","date_gmt":"2017-06-30T08:55:04","guid":{"rendered":"\/terms-and-conditions\/"},"modified":"2022-07-27T13:36:24","modified_gmt":"2022-07-27T12:36:24","slug":"pravidla-a-podminky","status":"publish","type":"page","link":"https:\/\/bitov.info\/?page_id=1964","title":{"rendered":"Pravidla a podm\u00ednky"},"content":{"rendered":"<p>[vc_row css=&#8220;.vc_custom_1492612814975{margin-top: 40px !important;margin-bottom: 40px !important;}&#8220;][vc_column width=&#8220;2\/3&#8243;]<div style=\"background-color:; height: 20px;\" class=\"nicdark_section  \"><\/div>[vc_row_inner][vc_column_inner width=&#8220;1\/2&#8243;][vc_column_text]Minim\u00e1ln\u00ed d\u00e9lka ubytov\u00e1n\u00ed jsou dv\u011b noci.<\/p>\n<p>&nbsp;<\/p>\n<p>V\u0161echny apartm\u00e1ny jsou neku\u0159\u00e1ck\u00e9. Kou\u0159it m\u016f\u017eete venku na dvo\u0159e nebo na zahrad\u011b.[\/vc_column_text][\/vc_column_inner][vc_column_inner width=&#8220;1\/2&#8243;][vc_column_text]Dom\u00e1c\u00ed mazl\u00ed\u010dky je mo\u017en\u00e9 m\u00edt po p\u0159edchoz\u00ed domluv\u011b pouze na adrese B\u00edtov 25 na oplocen\u00e9 zahrad\u011b nebo v p\u0159\u00edzem\u00ed apartm\u00e1nu \u010dty\u0159i.[\/vc_column_text][\/vc_column_inner][\/vc_row_inner]<div style=\"background-color:; height: 40px;\" class=\"nicdark_section  \"><\/div> <h3 style=\"color:; padding:px; text-align:; font-size:25px; line-height:px; letter-spacing: px; font-weight:;\" class=\"    \">Nej\u010dast\u011bj\u0161\u00ed ot\u00e1zky<\/h3> <div style=\"background-color:; height: 30px;\" class=\"nicdark_section  \"><\/div>\n  \n  <script type=\"text\/javascript\">\n    \/\/<![CDATA[\n    \n    jQuery(document).ready(function() {\n\n      \/\/toogle\n      jQuery( \".nd_options_toogle_title_open_615\" ).click(function() {\n        jQuery( \".nd_options_toogle_content_615\" ).show( \"slow\", function() {\n          jQuery( \".nd_options_toogle_title_open_615\" ).css(\"display\",\"none\");\n          jQuery( \".nd_options_toogle_title_close_615\" ).css(\"display\",\"block\");\n        });\n      });\n      jQuery( \".nd_options_toogle_title_close_615\" ).click(function() {\n        jQuery( \".nd_options_toogle_content_615\" ).hide( \"slow\", function() {\n          jQuery( \".nd_options_toogle_title_close_615\" ).css(\"display\",\"none\");\n          jQuery( \".nd_options_toogle_title_open_615\" ).css(\"display\",\"block\");  \n        }); \n      });\n\n    });\n\n    \/\/]]>\n  <\/script>\n\n  \n\n    <div class=\"nd_options_section nd_options_toogles_faq \">\n\n      <div class=\"nd_options_section nd_options_box_sizing_border_box\">\n        <p class=\"nd_options_toogle_title nd_options_first_font nd_options_font_size_17 nd_options_position_relative nd_options_padding_right_20 nd_options_padding_top_5 nd_options_padding_left_45 nd_options_padding_bottom_5\">\n          <span style=\"background-color:#78635b;\" class=\"nd_options_cursor_pointer nd_options_text_align_center nd_options_toogle_title_open_615 nd_options_width_25 nd_options_height_25  nd_options_position_absolute nd_options_top_0 nd_options_left_0\">\n            <img alt=\"\" class=\"nd_options_margin_top_6\" width=\"12\" src=\"https:\/\/bitov.info\/wp-content\/plugins\/nd-shortcodes\/shortcodes\/custom\/toogle\/icon-add-white.png\">\n          <\/span> \n          <span style=\"background-color:#78635b;\"  class=\"nd_options_cursor_pointer nd_options_text_align_center nd_options_toogle_title_close_615 nd_options_width_25 nd_options_display_none nd_options_height_25  nd_options_position_absolute nd_options_top_0 nd_options_left_0\">\n            <img alt=\"\" class=\"nd_options_margin_top_6\" width=\"12\" src=\"https:\/\/bitov.info\/wp-content\/plugins\/nd-shortcodes\/shortcodes\/custom\/toogle\/icon-less-white.png\">\n          <\/span>\n          Rezervace apartm\u00e1nu\n        <\/p>\n      <\/div>\n      \n      <div class=\"nd_options_display_none nd_options_padding_20 nd_options_padding_left_45 nd_options_toogle_content_615 nd_options_section nd_options_box_sizing_border_box\">\n        <p>Rezerva\u010dn\u00ed poplatek \u010din\u00ed 2000 K\u010d. Uhra\u010fte ho pros\u00edm do t\u00fddne, jinak rezervace term\u00ednu propadne. Rezervaci m\u016f\u017eete bezplatn\u011b zru\u0161it do jednoho m\u011bs\u00edce p\u0159ed p\u0159\u00edjezdem. Pen\u00edze vr\u00e1t\u00edme na \u00fa\u010det. Pokud rezervaci zru\u0161\u00edte za m\u00e9n\u011b ne\u017e 30 dn\u016f p\u0159ed p\u0159\u00edjezdem je rezerva\u010dn\u00ed poplatek nevratn\u00fd. \u010c\u00edslo korunov\u00e9ho \u00fa\u010dtu je 100 758 8024 \/ 3030<\/p>\n      <\/div>\n\n    <\/div>\n\n   <div style=\"background-color:; height: 20px;\" class=\"nicdark_section  \"><\/div>\n  \n  <script type=\"text\/javascript\">\n    \/\/<![CDATA[\n    \n    jQuery(document).ready(function() {\n\n      \/\/toogle\n      jQuery( \".nd_options_toogle_title_open_670\" ).click(function() {\n        jQuery( \".nd_options_toogle_content_670\" ).show( \"slow\", function() {\n          jQuery( \".nd_options_toogle_title_open_670\" ).css(\"display\",\"none\");\n          jQuery( \".nd_options_toogle_title_close_670\" ).css(\"display\",\"block\");\n        });\n      });\n      jQuery( \".nd_options_toogle_title_close_670\" ).click(function() {\n        jQuery( \".nd_options_toogle_content_670\" ).hide( \"slow\", function() {\n          jQuery( \".nd_options_toogle_title_close_670\" ).css(\"display\",\"none\");\n          jQuery( \".nd_options_toogle_title_open_670\" ).css(\"display\",\"block\");  \n        }); \n      });\n\n    });\n\n    \/\/]]>\n  <\/script>\n\n  \n\n    <div class=\"nd_options_section nd_options_toogles_faq \">\n\n      <div class=\"nd_options_section nd_options_box_sizing_border_box\">\n        <p class=\"nd_options_toogle_title nd_options_first_font nd_options_font_size_17 nd_options_position_relative nd_options_padding_right_20 nd_options_padding_top_5 nd_options_padding_left_45 nd_options_padding_bottom_5\">\n          <span style=\"background-color:#78635b;\" class=\"nd_options_cursor_pointer nd_options_text_align_center nd_options_toogle_title_open_670 nd_options_width_25 nd_options_height_25  nd_options_position_absolute nd_options_top_0 nd_options_left_0\">\n            <img alt=\"\" class=\"nd_options_margin_top_6\" width=\"12\" src=\"https:\/\/bitov.info\/wp-content\/plugins\/nd-shortcodes\/shortcodes\/custom\/toogle\/icon-add-white.png\">\n          <\/span> \n          <span style=\"background-color:#78635b;\"  class=\"nd_options_cursor_pointer nd_options_text_align_center nd_options_toogle_title_close_670 nd_options_width_25 nd_options_display_none nd_options_height_25  nd_options_position_absolute nd_options_top_0 nd_options_left_0\">\n            <img alt=\"\" class=\"nd_options_margin_top_6\" width=\"12\" src=\"https:\/\/bitov.info\/wp-content\/plugins\/nd-shortcodes\/shortcodes\/custom\/toogle\/icon-less-white.png\">\n          <\/span>\n          \u010c\u00edslo korunov\u00e9ho \u00fa\u010dtu\n        <\/p>\n      <\/div>\n      \n      <div class=\"nd_options_display_none nd_options_padding_20 nd_options_padding_left_45 nd_options_toogle_content_670 nd_options_section nd_options_box_sizing_border_box\">\n        <p>Pro platby v korun\u00e1ch pros\u00edm pou\u017eijte \u00fa\u010det 100 758 8024 \/ 3030.<\/p>\n      <\/div>\n\n    <\/div>\n\n   <div style=\"background-color:; height: 20px;\" class=\"nicdark_section  \"><\/div>\n  \n  <script type=\"text\/javascript\">\n    \/\/<![CDATA[\n    \n    jQuery(document).ready(function() {\n\n      \/\/toogle\n      jQuery( \".nd_options_toogle_title_open_956\" ).click(function() {\n        jQuery( \".nd_options_toogle_content_956\" ).show( \"slow\", function() {\n          jQuery( \".nd_options_toogle_title_open_956\" ).css(\"display\",\"none\");\n          jQuery( \".nd_options_toogle_title_close_956\" ).css(\"display\",\"block\");\n        });\n      });\n      jQuery( \".nd_options_toogle_title_close_956\" ).click(function() {\n        jQuery( \".nd_options_toogle_content_956\" ).hide( \"slow\", function() {\n          jQuery( \".nd_options_toogle_title_close_956\" ).css(\"display\",\"none\");\n          jQuery( \".nd_options_toogle_title_open_956\" ).css(\"display\",\"block\");  \n        }); \n      });\n\n    });\n\n    \/\/]]>\n  <\/script>\n\n  \n\n    <div class=\"nd_options_section nd_options_toogles_faq \">\n\n      <div class=\"nd_options_section nd_options_box_sizing_border_box\">\n        <p class=\"nd_options_toogle_title nd_options_first_font nd_options_font_size_17 nd_options_position_relative nd_options_padding_right_20 nd_options_padding_top_5 nd_options_padding_left_45 nd_options_padding_bottom_5\">\n          <span style=\"background-color:#78635b;\" class=\"nd_options_cursor_pointer nd_options_text_align_center nd_options_toogle_title_open_956 nd_options_width_25 nd_options_height_25  nd_options_position_absolute nd_options_top_0 nd_options_left_0\">\n            <img alt=\"\" class=\"nd_options_margin_top_6\" width=\"12\" src=\"https:\/\/bitov.info\/wp-content\/plugins\/nd-shortcodes\/shortcodes\/custom\/toogle\/icon-add-white.png\">\n          <\/span> \n          <span style=\"background-color:#78635b;\"  class=\"nd_options_cursor_pointer nd_options_text_align_center nd_options_toogle_title_close_956 nd_options_width_25 nd_options_display_none nd_options_height_25  nd_options_position_absolute nd_options_top_0 nd_options_left_0\">\n            <img alt=\"\" class=\"nd_options_margin_top_6\" width=\"12\" src=\"https:\/\/bitov.info\/wp-content\/plugins\/nd-shortcodes\/shortcodes\/custom\/toogle\/icon-less-white.png\">\n          <\/span>\n          Platba hotov\u011b\n        <\/p>\n      <\/div>\n      \n      <div class=\"nd_options_display_none nd_options_padding_20 nd_options_padding_left_45 nd_options_toogle_content_956 nd_options_section nd_options_box_sizing_border_box\">\n        <p>Ubytov\u00e1n\u00ed nebo doplatek ubytov\u00e1n\u00ed se plat\u00ed v cel\u00e9 v\u00fd\u0161i p\u0159i p\u0159\u00edjezdu.<\/p>\n      <\/div>\n\n    <\/div>\n\n   <div style=\"background-color:; height: 20px;\" class=\"nicdark_section  \"><\/div>\n  \n  <script type=\"text\/javascript\">\n    \/\/<![CDATA[\n    \n    jQuery(document).ready(function() {\n\n      \/\/toogle\n      jQuery( \".nd_options_toogle_title_open_403\" ).click(function() {\n        jQuery( \".nd_options_toogle_content_403\" ).show( \"slow\", function() {\n          jQuery( \".nd_options_toogle_title_open_403\" ).css(\"display\",\"none\");\n          jQuery( \".nd_options_toogle_title_close_403\" ).css(\"display\",\"block\");\n        });\n      });\n      jQuery( \".nd_options_toogle_title_close_403\" ).click(function() {\n        jQuery( \".nd_options_toogle_content_403\" ).hide( \"slow\", function() {\n          jQuery( \".nd_options_toogle_title_close_403\" ).css(\"display\",\"none\");\n          jQuery( \".nd_options_toogle_title_open_403\" ).css(\"display\",\"block\");  \n        }); \n      });\n\n    });\n\n    \/\/]]>\n  <\/script>\n\n  \n\n    <div class=\"nd_options_section nd_options_toogles_faq \">\n\n      <div class=\"nd_options_section nd_options_box_sizing_border_box\">\n        <p class=\"nd_options_toogle_title nd_options_first_font nd_options_font_size_17 nd_options_position_relative nd_options_padding_right_20 nd_options_padding_top_5 nd_options_padding_left_45 nd_options_padding_bottom_5\">\n          <span style=\"background-color:#78635b;\" class=\"nd_options_cursor_pointer nd_options_text_align_center nd_options_toogle_title_open_403 nd_options_width_25 nd_options_height_25  nd_options_position_absolute nd_options_top_0 nd_options_left_0\">\n            <img alt=\"\" class=\"nd_options_margin_top_6\" width=\"12\" src=\"https:\/\/bitov.info\/wp-content\/plugins\/nd-shortcodes\/shortcodes\/custom\/toogle\/icon-add-white.png\">\n          <\/span> \n          <span style=\"background-color:#78635b;\"  class=\"nd_options_cursor_pointer nd_options_text_align_center nd_options_toogle_title_close_403 nd_options_width_25 nd_options_display_none nd_options_height_25  nd_options_position_absolute nd_options_top_0 nd_options_left_0\">\n            <img alt=\"\" class=\"nd_options_margin_top_6\" width=\"12\" src=\"https:\/\/bitov.info\/wp-content\/plugins\/nd-shortcodes\/shortcodes\/custom\/toogle\/icon-less-white.png\">\n          <\/span>\n          \u010c\u00edslo eurov\u00e9ho \u00fa\u010dtu\n        <\/p>\n      <\/div>\n      \n      <div class=\"nd_options_display_none nd_options_padding_20 nd_options_padding_left_45 nd_options_toogle_content_403 nd_options_section nd_options_box_sizing_border_box\">\n        <p>Eurov\u00fd \u00fa\u010det je IBAN: AT901200010010810512 BIC: BKAUATWW<\/p>\n      <\/div>\n\n    <\/div>\n\n   [\/vc_column][vc_column width=&#8220;1\/3&#8243; css=&#8220;.vc_custom_1486115020030{padding-right: 30px !important;padding-left: 30px !important;}&#8220;]<div style=\"background-color:; height: 20px;\" class=\"nicdark_section  \"><\/div>[vc_row_inner][vc_column_inner css=&#8220;.vc_custom_1505911537983{padding-top: 30px !important;padding-right: 30px !important;padding-bottom: 15px !important;padding-left: 30px !important;background-color: #78635b !important;}&#8220;] <h5 style=\"color:#ffffff; padding:px; text-align:center; font-size:12px; line-height:12px; letter-spacing: 2px; font-weight:lighter;\" class=\"   nd_options_second_font \">KONTAKT<\/h5> <div style=\"background-color:; height: 10px;\" class=\"nicdark_section  \"><\/div> <h2 style=\"color:#ffffff; padding:px; text-align:center; font-size:25px; line-height:25px; letter-spacing: px; font-weight:normal;\" class=\"   nd_options_first_font \">Kontaktujte n\u00e1s<\/h2> <div style=\"background-color:; height: 20px;\" class=\"nicdark_section  \"><\/div>\n\n    <style>\n\n    #nd_options_shortcode_cf7_4582 input[type=\"text\"],\n    #nd_options_shortcode_cf7_4582 input[type=\"email\"],\n    #nd_options_shortcode_cf7_4582 input[type=\"url\"],\n    #nd_options_shortcode_cf7_4582 input[type=\"tel\"],\n    #nd_options_shortcode_cf7_4582 input[type=\"number\"],\n    #nd_options_shortcode_cf7_4582 input[type=\"date\"],\n    #nd_options_shortcode_cf7_4582 input[type=\"checkbox\"],\n    #nd_options_shortcode_cf7_4582 input[type=\"file\"],\n    #nd_options_shortcode_cf7_4582 textarea,\n    #nd_options_shortcode_cf7_4582 label,\n    #nd_options_shortcode_cf7_4582 select\n    {\n\n      width: 100%;\n\n    }\n\n\n    .nd_options_customizer_forms span.wpcf7-not-valid-tip,\n    .nd_options_customizer_forms .wpcf7-response-output.wpcf7-validation-errors,\n    .nd_options_customizer_forms .wpcf7-response-output.wpcf7-mail-sent-ok\n    {\n\n      float: left;\n      width: 100%;\n      box-sizing: border-box;\n\n    }\n\n    <\/style>\n\n  \n\n    <!--start form-->\n    <div id=\"nd_options_shortcode_cf7_4582\" class=\"nd_options_section \">\n      \n      <div class=\"nd_options_section nd_options_box_sizing_border_box\">\n        <div role=\"form\" class=\"wpcf7\" id=\"wpcf7-f4582-o1\" lang=\"en-US\" dir=\"ltr\">\n<div class=\"screen-reader-response\"><p role=\"status\" aria-live=\"polite\" aria-atomic=\"true\"><\/p> <ul><\/ul><\/div>\n<form action=\"\/index.php?rest_route=%2Fwp%2Fv2%2Fpages%2F1964#wpcf7-f4582-o1\" method=\"post\" class=\"wpcf7-form init\" novalidate=\"novalidate\" data-status=\"init\">\n<div style=\"display: none;\">\n<input type=\"hidden\" name=\"_wpcf7\" value=\"4582\" \/>\n<input type=\"hidden\" name=\"_wpcf7_version\" value=\"5.6.2\" \/>\n<input type=\"hidden\" name=\"_wpcf7_locale\" value=\"en_US\" \/>\n<input type=\"hidden\" name=\"_wpcf7_unit_tag\" value=\"wpcf7-f4582-o1\" \/>\n<input type=\"hidden\" name=\"_wpcf7_container_post\" value=\"0\" \/>\n<input type=\"hidden\" name=\"_wpcf7_posted_data_hash\" value=\"\" \/>\n<input type=\"hidden\" name=\"_wpcf7_recaptcha_response\" value=\"\" \/>\n<\/div>\n<div class=\"nd_options_float_left nd_options_box_sizing_border_box nd_options_width_100_percentage_all_iphone_important nd_options_padding_0_right_important_all_iphone nd_options_padding_0_left_important_all_iphone \" style=\"padding: 0px 10px 15px 0px; width:100%;\" ><span class=\"wpcf7-form-control-wrap\" data-name=\"name-form\"><input type=\"text\" name=\"name-form\" value=\"\" size=\"40\" class=\"wpcf7-form-control wpcf7-text wpcf7-validates-as-required nd_options_bg_white nd_booking_border_width_0_important nd_options_padding_10_20_important nd_options_margin_top_10 nd_options_font_weight_lighter\" aria-required=\"true\" aria-invalid=\"false\" placeholder=\"Jm\u00e9no\" \/><\/span><\/div><div class=\"nd_options_float_left nd_options_box_sizing_border_box nd_options_width_100_percentage_all_iphone_important nd_options_padding_0_right_important_all_iphone nd_options_padding_0_left_important_all_iphone \" style=\"padding: 0px 10px 15px 0px; width:100%;\" ><span class=\"wpcf7-form-control-wrap\" data-name=\"email\"><input type=\"email\" name=\"email\" value=\"\" size=\"40\" class=\"wpcf7-form-control wpcf7-text wpcf7-email wpcf7-validates-as-required wpcf7-validates-as-email nd_options_bg_white nd_booking_border_width_0_important nd_options_padding_10_20_important nd_options_margin_top_10 nd_options_font_weight_lighter\" aria-required=\"true\" aria-invalid=\"false\" placeholder=\"Email\" \/><\/span><\/div><div class=\"nd_options_float_left nd_options_box_sizing_border_box nd_options_width_100_percentage_all_iphone_important nd_options_padding_0_right_important_all_iphone nd_options_padding_0_left_important_all_iphone \" style=\"padding: 0px 10px 15px 0px; width:100%;\" ><span class=\"wpcf7-form-control-wrap\" data-name=\"message\"><textarea name=\"message\" cols=\"40\" rows=\"5\" class=\"wpcf7-form-control wpcf7-textarea nd_options_bg_white nd_booking_border_width_0_important nd_options_padding_10_20_important nd_options_margin_top_10 nd_options_font_weight_lighter\" aria-invalid=\"false\" placeholder=\"Zpr\u00e1va\"><\/textarea><\/span><\/div><div class=\"nd_options_float_left nd_options_box_sizing_border_box nd_options_width_100_percentage_all_iphone_important nd_options_padding_0_right_important_all_iphone nd_options_padding_0_left_important_all_iphone \" style=\"padding: 0px 0px 0px 0px; width:100%;\" ><input type=\"submit\" value=\"ODESLAT\" class=\"wpcf7-form-control has-spinner wpcf7-submit nd_booking_padding_15_30_important nd_options_second_font_important nd_options_color_white nd_options_display_inline_block nd_options_font_size_11 nd_options_font_weight_bold nd_options_letter_spacing_2 nd_options_section\" \/><\/div>\n<div class=\"wpcf7-response-output\" aria-hidden=\"true\"><\/div><\/form><\/div> \n      <\/div>  \n\n    <\/div>\n    <!--end form-->\n\n   [\/vc_column_inner][\/vc_row_inner][vc_row_inner css=&#8220;.vc_custom_1658293990035{margin-top: 35px !important;background-image: url(\/wp-content\/uploads\/2022\/02\/IMG_9347-HDR-1-scaled.jpg?id=1827) !important;background-position: center !important;background-repeat: no-repeat !important;background-size: cover !important;}&#8220;][vc_column_inner css=&#8220;.vc_custom_1502963078281{padding-top: 82px !important;padding-right: 30px !important;padding-bottom: 82px !important;padding-left: 30px !important;background-color: rgba(114,116,117,0.29) !important;*background-color: rgb(114,116,117) !important;}&#8220;] <h5 style=\"color:#ffffff; padding:px; text-align:center; font-size:12px; line-height:12px; letter-spacing: 2px; font-weight:lighter;\" class=\"   nd_options_second_font \">DOMEK U LESA<\/h5> <div style=\"background-color:; height: 10px;\" class=\"nicdark_section  \"><\/div> <h2 style=\"color:#ffffff; padding:px; text-align:center; font-size:25px; line-height:25px; letter-spacing: px; font-weight:normal;\" class=\"   nd_options_first_font \">B\u00edtov 15<\/h2> [\/vc_column_inner][\/vc_row_inner]<div style=\"background-color:; height: 20px;\" class=\"nicdark_section  \"><\/div>[vc_row_inner css=&#8220;.vc_custom_1658294104710{margin-top: 35px !important;background-image: url(\/wp-content\/uploads\/2022\/06\/DJI_0458-HDR_resize.jpg?id=3832) !important;background-position: center !important;background-repeat: no-repeat !important;background-size: cover !important;}&#8220;][vc_column_inner css=&#8220;.vc_custom_1502963078281{padding-top: 82px !important;padding-right: 30px !important;padding-bottom: 82px !important;padding-left: 30px !important;background-color: rgba(114,116,117,0.29) !important;*background-color: rgb(114,116,117) !important;}&#8220;] <h5 style=\"color:#ffffff; padding:px; text-align:center; font-size:12px; line-height:12px; letter-spacing: 2px; font-weight:lighter;\" class=\"   nd_options_second_font \">DOMEK U LESA<\/h5> <div style=\"background-color:; height: 10px;\" class=\"nicdark_section  \"><\/div> <h2 style=\"color:#ffffff; padding:px; text-align:center; font-size:25px; line-height:25px; letter-spacing: px; font-weight:normal;\" class=\"   nd_options_first_font \">B\u00edtov 25<\/h2> [\/vc_column_inner][\/vc_row_inner][\/vc_column][\/vc_row]<\/p>\n","protected":false},"excerpt":{"rendered":"<p>[vc_row css=&#8220;.vc_custom_1492612814975{margin-top: 40px !important;margin-bottom: 40px !important;}&#8220;][vc_column width=&#8220;2\/3&#8243;][vc_row_inner][vc_column_inner width=&#8220;1\/2&#8243;][vc_column_text]Minim\u00e1ln\u00ed d\u00e9lka ubytov\u00e1n\u00ed jsou dv\u011b noci. &nbsp; V\u0161echny apartm\u00e1ny jsou neku\u0159\u00e1ck\u00e9. Kou\u0159it m\u016f\u017eete venku na dvo\u0159e nebo na zahrad\u011b.[\/vc_column_text][\/vc_column_inner][vc_column_inner width=&#8220;1\/2&#8243;][vc_column_text]Dom\u00e1c\u00ed mazl\u00ed\u010dky je mo\u017en\u00e9 m\u00edt po p\u0159edchoz\u00ed domluv\u011b pouze na adrese B\u00edtov 25 na oplocen\u00e9 zahrad\u011b nebo v p\u0159\u00edzem\u00ed apartm\u00e1nu \u010dty\u0159i.[\/vc_column_text][\/vc_column_inner][\/vc_row_inner][\/vc_column][vc_column width=&#8220;1\/3&#8243; css=&#8220;.vc_custom_1486115020030{padding-right: 30px !important;padding-left: 30px !important;}&#8220;][vc_row_inner][vc_column_inner css=&#8220;.vc_custom_1505911537983{padding-top: 30px [&hellip;]<\/p>\n","protected":false},"author":2,"featured_media":0,"parent":0,"menu_order":0,"comment_status":"closed","ping_status":"closed","template":"","meta":[],"_links":{"self":[{"href":"https:\/\/bitov.info\/index.php?rest_route=\/wp\/v2\/pages\/1964"}],"collection":[{"href":"https:\/\/bitov.info\/index.php?rest_route=\/wp\/v2\/pages"}],"about":[{"href":"https:\/\/bitov.info\/index.php?rest_route=\/wp\/v2\/types\/page"}],"author":[{"embeddable":true,"href":"https:\/\/bitov.info\/index.php?rest_route=\/wp\/v2\/users\/2"}],"replies":[{"embeddable":true,"href":"https:\/\/bitov.info\/index.php?rest_route=%2Fwp%2Fv2%2Fcomments&post=1964"}],"version-history":[{"count":10,"href":"https:\/\/bitov.info\/index.php?rest_route=\/wp\/v2\/pages\/1964\/revisions"}],"predecessor-version":[{"id":4895,"href":"https:\/\/bitov.info\/index.php?rest_route=\/wp\/v2\/pages\/1964\/revisions\/4895"}],"wp:attachment":[{"href":"https:\/\/bitov.info\/index.php?rest_route=%2Fwp%2Fv2%2Fmedia&parent=1964"}],"curies":[{"name":"wp","href":"https:\/\/api.w.org\/{rel}","templated":true}]}}